124. Give d(p).
-8
Let i(s) be the second derivative of -s**5/20 - s**4/2 + 5*s**3/6 + 3*s**2/2 - 149*s. Give i(2).
-19
Let r(p) be the first derivative of p**5/120 + p**4/2 + 20*p**3 - 106. Let n(i) be the third derivative of r(i). Determine n(-7).
5
Let c be 4*-1 + 122/61. Let k(m) = -3*m**2 + 2*m + 8. Calculate k(c).
-8
Let n(q) = -5*q**2 - 37*q - 7. Let b(v) = 4*v**2 + 31*v + 5. Let o(r) = 4*b(r) + 3*n(r). Give o(-13).
-1
Let q(h) = h**3 + 32*h**2 - 31*h + 61. Let x(a) = 12*a**2 + 82*a + 27. Let t be x(-6). Calculate q(t).
-5
Suppose -5*p + 2 = -3*f, 5*f = -0*f - 2*p - 24. Let m = 2 + f. Let d(s) be the first derivative of s**4/4 + s**3 + s**2 - s - 91269. Determine d(m).
-1
Let n(w) = -w**3 + 7*w**2 - 7*w - 3. Let f = 294 + -255. Let l(m) = 2*m**2 - 12*m - 9. Let c be l(9). Let d = c - f. Calculate n(d).
-9
Let i(q) = 3. Let a(t) = -4*t + 1. Let z be a(1). Let o(k) = -k + 1. Let w(s) = z*o(s) + i(s). Suppose 22*n - 2 = -90. What is w(n)?
-12
Let q(a) = a**3 + 9*a**2 + 4*a - 16. Let y be q(-8). Let p = 28 - y. Suppose -5*g - 9 = -3*c, -3*g + p = -2*c + 6*c. Let v(f) = f**2 - f - 7. Determine v(g).
-7
Suppose 3 - 63 = -4*k. Let v = k - 9. Let p(r) = 3*r - 7*r + 1 - 6*r - 3 + 11*r. Give p(v).
4
Let n(c) = -7*c**2 - 6*c + 29. Let h(f) = 8*f**2 + 5*f - 35. Let y(a) = 6*h(a) + 7*n(a). What is y(-7)?
28
Let s(j) = -11*j + 117. Let n(q) = 40*q - 309. Let y be n(8). Determine s(y).
-4
Let y(n) = -362*n - 7. Let g(j) = -145*j - 2. Let l(a) = 5*g(a) - 2*y(a). Suppose 5*r - 3*t - 24 = -0*r, -3*r + 4*t = -10. Give l(r).
-2
Let s(c) = c**3 + 31*c**2 + 7*c + 208. Let t be 428/(-14) + ((-13)/(-35) - 432/540). Give s(t).
-9
Let f(m) = 73*m**3 + 4*m**2 - 3*m. Suppose -30*y + 27 + 1 = -2*y. Determine f(y).
74
Let u = -30 + 54. Let x(h) = -4 - 20 + 3 + h**2 - 25*h + u*h. What is x(0)?
-21
Let c(y) be the second derivative of 5 - 9*y**2 + 8*y - 1/6*y**3. Calculate c(-8).
-10
Let a = 1280 + -1274. Let c(i) = i**3 - 4*i**2 - 10*i + 14. Calculate c(a).
26
Suppose 9*a = -11*a - 4*a + 48. Let b(k) = -29*k**2 + 6*k + 4. What is b(a)?
-100
Suppose -80 = -36*d + 31*d. Suppose 0 = d*k + 41*k + 342. Let m(i) = i**2 + 5*i + 6. What is m(k)?
12
Let s(g) be the first derivative of -6*g - 1/4*g**4 + 3*g**3 - 7/2*g**2 - 49. Give s(8).
2
Let l(c) = -c**2 + 8*c + 2. Let q be ((-70)/(-15))/7 - 94/6. Let j be q*((-30)/9 - -3). Suppose 29 = 4*k + 3*o, 0 = j*k - 0*o + 3*o - 34. Calculate l(k).
17
Let u(o) = 17*o**3 + 25*o**2 - 13*o + 23. Let s(k) = 21*k**3 + 27*k**2 - 12*k + 22. Let m(g) = 4*s(g) - 5*u(g). What is m(-18)?
-9
Suppose -3836 + 3884 = -8*t. Let f(k) = -8*k**3 - 1 + 5*k**2 + 10*k**3 - k**3 + 0 - 4*k. Calculate f(t).
-13
Let m = -212 - -211. Let p be (m/(-3) - 51/(-9))*1. Let q(t) = -t**2 + 6*t + 1. What is q(p)?
1
Let q(g) = g**3 + 3*g**2 - 5*g - 3. Let c be (-2)/6 - (-8745)/99. Suppose 6*n + c = -16*n. What is q(n)?
1
Let o be 5 - ((-21)/(-3) - 10). Let i(c) = 13 - 8 - c**3 - 4 - o*c - 9*c**2. Determine i(-8).
1
Let z(p) = p**2 + 13*p + 56. Let g be (-3940)/197 - 1*8*-1. Determine z(g).
44
Let z be ((-296)/666)/((-2)/18). Let q(n) be the third derivative of 0*n - 1/12*n**z + 10*n**2 - 1/6*n**3 + 3/40*n**6 + 0*n**5 + 0. Calculate q(-1).
-8
Suppose 5*d - 10 = -0*d. Suppose -d*a = -b + 2, -3*b - 2*a = -6 - 8. Let p(h) = 2 - 3*h + 5*h + 0 + b*h. Give p(-2).
-10
Let r = 6657 + -6662. Let c(x) = -6*x - 16. Determine c(r).
14
Let y(t) = -3*t + 2. Let k(r) = 4*r - 2. Let j = 53 + -29. Suppose -j*u + 19*u = 20. Let p(g) = u*k(g) - 5*y(g). What is p(0)?
-2
Let m be (1 - 1)/((-2)/(-2)). Let r(u) = 43*u - 1. Let h(c) = -108*c + 3. Let q(j) = 2*h(j) + 5*r(j). Calculate q(m).
1
Let g = 34 + -31. Let y(w) = -2*w**2 - 21*w**3 + 8 + 8 - 20 + 22*w**3 - 3*w**2 + 2*w. What is y(g)?
-16
Suppose 4*s - 58 = -46. Suppose -3*r + 2*r = 4*f - 91, -2*r = -s*f + 82. Let p be ((-2)/(-4))/((-3)/f) - 3. Let q(z) = z**2 + 9*z + 9. Give q(p).
-5
Suppose s + 112 = 2*k - s, -142 = -2*k - 4*s. Let g = k - 59. Let l(v) = 33*v + g - 31*v + 3. Determine l(4).
13
Suppose q = 11*c + 39, -59*c - q + 25 = -63*c. Let w(t) = 14*t + 7. Let z(f) = 41*f + 21. Let y(u) = -17*w(u) + 6*z(u). Give y(c).
-9
Let h(p) be the second derivative of -p**4/24 - 2*p**3/3 + 39*p**2/2 + 210*p. Let f(i) be the first derivative of h(i). Calculate f(2).
-6
Let j(s) = -53842*s**2 + 26*s**3 + 9*s - 14 + 53837*s**2 - 27*s**3. Determine j(-7).
21
Let v = 26 - 15. Let f be ((-20)/(-5) - v)*1. Let k(l) = l**2 + 4*l - 4. What is k(f)?
17
Let v(x) = 16*x**2 - 911*x - 53. Let i be v(57). Let w(c) = 2*c**3 - 5*c**2 + c - 6. What is w(i)?
46
Let q be -3 + (-2)/(-2) + 2. Suppose v + 4*i + 17 = 0, -5*v - 3*i + 1 - 18 = q. Let p(b) be the third derivative of -b**4/4 - 11*b**2 - b + 437. Calculate p(v).
6
Let d(l) = -196641*l - 35 + 393289*l - 196645*l. Determine d(10).
-5
Let b(n) = n**2 + 7*n + 5. Let y = 703 + -698. Determine b(y).
65
Let w(m) = -m**2 + 15*m - 52. Let v be w(9). Suppose -2*z = -94 - v. Suppose 0 = -k + 13*k - z. Let n(j) = j - 2. What is n(k)?
2
Let g(s) be the first derivative of s**5/60 + 8*s**3 - 128. Let k(l) be the third derivative of g(l). Determine k(3).
6
Suppose -18 = -3*r, -126*r + 128*r = -3*p + 21. Let t(l) be the second derivative of -1/6*l**p + 7*l + 3/2*l**2 + 0. What is t(5)?
-2
Let b(i) = -21*i + 927. Let q be b(44). Let m(v) = v**3 - 4*v**2 + 10*v - 22. Determine m(q).
-1
Suppose -413*r = -410*r + 96. Let s be 54/(-48) + (-4)/r. Let m(c) = 8*c**3 - 2*c - 1. Determine m(s).
-7
Let v(y) = -9*y**2 + 24. Let p = -9 + 13. Let g(u) = 10*u**2 + 0 - 5 - 5*u**2 - 7. Let q(b) = p*v(b) + 7*g(b). What is q(0)?
12
Let x(n) = -n**3 - 17*n**2 - 18*n - 18. Let u(b) = -b**3 + 12*b**2 + 28*b - 352. Let o be u(12). What is x(o)?
14
Let x(w) be the first derivative of -17*w**2/2 - 17*w - 6. Let j(p) = -2*p - 2. Let h(b) = -40*j(b) + 5*x(b). Calculate h(-2).
5
Suppose -20*j + 19*j = 16. Let z(u) = u**3 + 17*u**2 + 17*u + 11. What is z(j)?
-5
Let n(b) be the third derivative of -b**5/20 + 5*b**4/24 - 2*b**3/3 - 811*b**2. Let o = 11 + -8. What is n(o)?
-16
Let i be (0 + -39 - -38)*1*-7. Let g(t) = 3*t**2 - 27*t + 20. Give g(i).
-22
Let f(s) be the second derivative of s**5/20 - 11*s**4/12 - 5*s**3/6 - 15*s**2/2 - 1551*s + 2. Give f(11).
-70
Let b be (4 - 6)/(1 - (-6)/(-8)). Let j(d) = 3*d**2 + 19*d + 14. Give j(b).
54
Let v(c) = -6*c**2 + c. Suppose n - 1 = 4*y, -4*n + 0*y = -3*y - 17. Suppose 7*f + n = 2*f. Let o be v(f). Let q(z) = -z**3 - 7*z**2 + z + 10. Give q(o).
3
Let j be -13 - -2 - (8 + -14 + 1). Let o(r) = -7*r**3 - 12*r**2 - 12*r - 10. Let b(f) = 3*f**3 + 6*f**2 + 5*f + 5. Let h(u) = 5*b(u) + 2*o(u). Determine h(j).
-1
Suppose 47*d = 45*d + 862. Let v = d + -433. Let t(i) = i - 2*i**2 - 4 + 5 + 2*i**3 + 5*i**2. What is t(v)?
-5
Let t(a) be the third derivative of a**5/20 - a**4/24 + a**3/6 + 30*a**2. Let b be t(-2). Let g be ((-20)/b)/((-66)/27 - -2). Let j(o) = o - 2. Give j(g).
1
Let p(x) be the second derivative of -x**4/12 - 16*x**3/3 - 77*x**2 + 6*x - 318. Determine p(-27).
-19
Suppose -4*u - 19 = -3*z, -467*z - 9 = 2*u - 468*z. Let o(y) = -3*y + 5. Determine o(u).
17
Let q be ((-4)/8)/((-1)/10). Suppose 6*x - 5*x - q = 0. Suppose 3*n = x*u + n + 19, -u + 4*n - 11 = 0. Let v(w) = -4*w - 4. Determine v(u).
8
Let m = 130 + -232. Let a = m + 109. Let w(v) = v - 15. Give w(a).
-8
Let x(n) be the first derivative of n**4/4 + 17*n**3/3 + 31*n**2 + 17*n + 1214. What is x(-12)?
-7
Let m be 3/2*(-12)/(-18). Let q(u) = 5*u**3 - u**2. What is q(m)?
4
Let t(y) be the first derivative of 6 - 12*y + 1/2*y**2. Determine t(0).
-12
Suppose 24 = -18*j + 10*j. Let z(b) = 19*b - 1. Determine z(j).
-58
Let w(k) = 4*k + 5 - 1 + 1. Let y(m) = -m**2 + 9*m + 1537. Let l be y(44). Calculate w(l).
-7
Let l(s) = -81*s**2 - 2*s + 3 + 187*s**2 - 105*s**2 - 6. Suppose 6*h - 10 = h. Suppose 4*j = -14 + h. Determine l(j).
12
Let p = -25325 + 25317. Let r(t) = 2*t + 3. Suppose -d = 4*i, -5*i - 5*d + 3 = -3*d. Let m(b) = b + 1. Let y(v) = i*r(v) + m(v). Give y(p).
6
Let c(r) = -36*r + 1164. Let i(v) = -4*v + 135. Let u(q) = -6*c(q) + 52*i(q). Give u(-6).
-12
Suppose 0 = -i - 0*i - 3*a + 9, 4*i - 10 = a. Suppose f - q = 11, f - 21 = -0*q + i*q. Let l(v) = v - 13. Give l(f).
-7
Let o(u) be the third derivative of -u**3 + 2*u**2 - 1/24*u**4 + 0*u + 